 l(7). Suppose -15*p + s = -3*p. What is the hundreds digit of p?
3
Let q be ((-4)/(-30) - 0) + (-392)/(-210). Let g be ((-20)/(-50))/(q/20). Suppose -g*h - l + 329 = 0, -3*h + 0*h + 258 = 3*l. What is the units digit of h?
1
Suppose 3 = -a, 2*a = -5*v + 14 - 0. Suppose -v*s = -13*s + 11232. What is the tens digit of s?
4
Let g(k) = -2*k**2 - 4*k - 2. Let b(i) = -3*i + 19. Let y be b(7). Let x be g(y). Let q(c) = -52*c - 9. What is the tens digit of q(x)?
9
Let t be (16/56)/(4/56) - -2. What is the units digit of (-6966)/(-90) - t/(-10)?
8
Let s = 18015 + -9463. What is the hundreds digit of s?
5
Let u be (-12)/(-18)*72*3. Let o = u - 91. Let a = o + -36. What is the units digit of a?
7
What is the tens digit of 134*((-1)/(10/40) + 140)?
2
Let k(q) = -11*q - 30. Let o = -2 + -8. Let g be k(o). Suppose 0 = a - g + 1. What is the tens digit of a?
7
Let y(l) = l**2 + 17*l + 34. Let q be y(10). Let u = 420 - q. What is the hundreds digit of u?
1
Let v(x) = 3*x**3 + 77*x**2 + 47*x - 5. What is the hundreds digit of v(-22)?
2
Suppose 0 = 31*q - 42 - 20. Suppose q*x = -x - 6, -4*x = -r + 340. What is the tens digit of r?
3
What is the thousands digit of 18830/(24/204*17)?
9
Suppose 0 = -5*k - 3*r + 1050, 0*r + 2*r = 0. Suppose -m = m - 4*c - k, -3*m + 319 = -2*c. What is the hundreds digit of m?
1
Let g(f) = -f**3 + 18*f**2 + 18*f + 21. Let o be g(19). Let c be (1878/4)/(3/o). Suppose 5*d - c = -4*a, 124 = -a + 3*a - 4*d. What is the units digit of a?
2
Suppose 2095*l - 2103*l = -29336. What is the tens digit of l?
6
Let n(c) = -129*c**3 + 6*c**2 - 25*c - 116. What is the units digit of n(-6)?
4
Let o be (-264)/(-9) + 10 + 2/3. Let k = 36 + o. What is the units digit of k?
6
Let l = -159 + 463. What is the units digit of 34/1*l/32?
3
Let h = -11113 - -22383. What is the tens digit of h?
7
Let t = 7629 + -623. What is the units digit of t?
6
Let s(t) = -t**3 + 8*t**2 - 9*t + 16. Let c be s(7). What is the tens digit of ((-180300)/70)/(-6) + c/(-7)?
2
Let q = -71 + 165. Let t = -183 + q. Let j = -4 - t. What is the tens digit of j?
8
Let h(a) = 1017*a**2 - 29*a - 15. What is the tens digit of h(-2)?
1
Suppose 0*f + 4*f + 5*o = 424, 0 = -5*f + 2*o + 497. Suppose 5*v - 856 + f = 0. What is the units digit of v?
1
Suppose 0 = 2*b - 2*j - 12, 3*b - 5*j = -6*j + 26. Let c(k) = 23*k + 50. What is the hundreds digit of c(b)?
2
Let w(r) = 124*r - 4. Let l be w(18). Suppose -2*j + 1108 = -4*k, 0*j + 4*j - 5*k = l. What is the tens digit of j?
6
Suppose 0 = 20*d + 181 - 661. Suppose -22*s - 356 = -d*s + 2*f, s - 184 = 3*f. What is the hundreds digit of s?
1
Suppose -2*m + 2*j + 11956 = -5924, -j + 8938 = m. What is the tens digit of m?
3
Suppose -67 = 3*b - 61. What is the units digit of (-1 - b)/((-35)/(-18795))?
7
Let g(h) = 238*h + 2212. Let a be g(-7). Let i(f) = -f**3 + 6*f**2 + 5. Let j be i(-5). Let v = a - j. What is the hundreds digit of v?
2
Let s(n) = -2714*n - 382. What is the units digit of s(-3)?
0
Let h(j) = -1658*j - 814. What is the hundreds digit of h(-8)?
4
Let g be (1 + (9 - 8))/((-4)/(-6150)). Suppose g + 2437 = 13*a. What is the hundreds digit of a?
4
Let k be 156/(-130)*(-20)/(-6). Let q be (-2 - -4)*(-3 - k). Suppose j - 218 = -4*m, -q*m = 4*j - 5*j - 112. What is the units digit of m?
5
Suppose 11692 - 934 = 3*n. What is the tens digit of n?
8
Let q(m) = 7*m + 13. Let i(k) = 11*k + 17. Let y(s) = 32*s + 50. Let d(w) = 11*i(w) - 4*y(w). Let p(z) = 3*d(z) + 4*q(z). What is the units digit of p(0)?
3
Let h(s) be the first derivative of s**3/3 - 4*s**2 - 5*s - 7. Let q be h(9). Suppose -2*f - 185 = -4*g + 371, 0 = g - q*f - 153. What is the units digit of g?
7
Let q be 6 + 0 - 3 - 2946/(-3). Let h = -241 + q. What is the hundreds digit of h?
7
Let c(g) = 19889*g + 2425. What is the thousands digit of c(3)?
2
Let q(x) = 570*x - 10006. What is the hundreds digit of q(28)?
9
Let g be (-14)/56 + 7/(-4). Let s(z) = -152*z + 1. Let h be s(g). Suppose 5*y - w + 4*w = h, -y = -2*w - 48. What is the units digit of y?
8
Let z = 724 - 4. Let c = z - 472. What is the tens digit of c?
4
Let m(f) = 12*f - 98. Let a be m(9). Suppose a*q = 16*q - 2274. What is the units digit of q?
9
Suppose 4*r = -2*h + 6, 0 = h - 3*h + r + 11. Let j(c) = 20*c + 30 + 17*c - h*c. What is the units digit of j(6)?
2
What is the thousands digit of (-2)/5 - 53/(7420/(-336056))?
2
What is the tens digit of (-96041)/(-6) + (-62 - -60)*(-2)/24?
0
Let m = -8163 + 41763. What is the tens digit of m?
0
Let u be 4/14 + 4476/14. Let s be -12*(1 + -7 + 66/12). Suppose -10*c = -s*c - u. What is the units digit of c?
0
Suppose -3*u - 130 = -k + 20, 0 = 2*k - 2*u - 300. Let v = -70 + k. Suppose -5*a = v - 425. What is the tens digit of a?
6
Suppose 10458*b - 10470*b = -13812. What is the hundreds digit of b?
1
Let z = 39 + -33. Let q(l) = l**2 - 6*l + 20. Let a be q(z). Suppose -4*f = 2*h - 6*f - 166, -4*f = a. What is the units digit of h?
8
Let g = 8192 - 2824. Suppose 0 = -6*i + g - 1222. What is the hundreds digit of i?
6
Suppose 0 = -r - 2, b - 9*r = -11*r + 8271. What is the tens digit of b?
7
Let u(v) = 2631*v - 1268. What is the hundreds digit of u(4)?
2
Suppose 0 = -3*a - 9*a + 4428. Let v(r) = -20*r**3 + 3*r - 3. Let m be v(-3). Let s = m - a. What is the units digit of s?
9
Suppose -17 = -2*o - 19. Let s be -2 - (o/1 - -2). Let b(n) = 6*n**2 - 5*n - 4. What is the units digit of b(s)?
5
Suppose 0 = -118*p + 115*p + 57. Suppose -p*m = -1211 - 1354. What is the hundreds digit of m?
1
Let r(x) = 9*x**3 + 6*x**2 - 88*x + 16. What is the units digit of r(12)?
6
Let i(l) = -3*l**3 - 2*l**2 + l + 3. Let r be i(-1). Suppose -r = 12*k - 9*k, -4*p + 3773 = -5*k. What is the hundreds digit of p?
9
Suppose t = m + 2*m - 2, -3*m - 8 = 4*t. Suppose 3*g - 2*b - 925 = m, -3*g + 618 = -g - 2*b. What is the units digit of g?
7
Let v(i) = -21*i - 18. Suppose 4*k = -t - 6, 10 = -3*t + k - 8. What is the units digit of v(t)?
8
Let y(f) = -f**3 + 9*f**2 - 6*f - 10. Let m be y(8). Suppose -m*a + 24 + 6 = 0. Suppose a*g - 1578 + 468 = 0. What is the units digit of g?
2
Suppose 0 = 39*p - 36*p + 54. Let x(s) be the second derivative of s**5/20 + 5*s**4/3 + 17*s**3/3 + 9*s**2/2 + 6*s. What is the units digit of x(p)?
5
Let w = -13553 - -13677. Let l be 2*(5/2 + -1). Suppose -v = l*x - w, -x - 1 = 4*v - 57. What is the units digit of x?
0
Suppose 2 = -4*w + 14, 0 = 2*q + 3*w + 11. Let d be (108/90)/((-1)/q). Suppose 0 = -7*i + d*i - 1040. What is the hundreds digit of i?
2
Let d(j) = 4*j**2 + 3*j + 7. Let b(w) = -w. Let s(v) = 5*b(v) + d(v). What is the units digit of s(-10)?
7
What is the tens digit of 33/(-6)*10072206/(-2277)?
2
Let f be 9 - -1 - 4 - -9. Suppose 4843 + 11687 = f*w. What is the thousands digit of w?
1
Let m(f) = 113*f**2 - 3*f + 5. Let r be m(2). Suppose 9*j = 13*j + 1200. Let y = j + r. What is the units digit of y?
1
Suppose -11 = -32*j + 28*j + t, -3*j - 13 = -5*t. Suppose -3*l - j*p + 509 = 0, 5*p = 3*l - 331 - 133. What is the hundreds digit of l?
1
Let w(t) = -3*t**3 + 20*t**2 - 9*t + 30. Suppose 13 = m + r + 5, 18 = 2*m + 3*r. What is the units digit of w(m)?
8
Let x(q) = -15*q**3 - 14*q**2 + 1. Let r be x(-4). Let k = r + -359. What is the hundreds digit of k?
3
Let s = 31 - 27. Suppose 987 = s*v + 3*v. Let p = v + -81. What is the units digit of p?
0
Let n be 6 - (-4 + -51)*17. Suppose 1096 = 3*j - n. What is the tens digit of j?
7
Let q(d) be the first derivative of 7*d**4/4 - 5*d**3/3 + 8*d - 188. What is the tens digit of q(4)?
7
Suppose 9*u - 12*u - 1056 = 0. Let c = 690 + u. What is the units digit of c?
8
Suppose -13 = w + w + 3*m, 5*m + 23 = -2*w. Let b be ((-3143)/35 - -7)/(w/(-5)). Suppose 10*p = 7*p + b. What is the hundreds digit of p?
1
Let x be -6*((-30)/4)/(-5). Let a(t) = 2*t + 14. Let w be a(x). Let y(l) = l**3 + 7*l**2 + 5*l - 2. What is the tens digit of y(w)?
2
Let c = -25564 + 82172. What is the ten thousands digit of c?
5
Let q be (4 - 3) + (6 - 4)/2. Suppose 0 = t - 2, q*t - 5*t = 4*a - 662. What is the units digit of a?
4
Let w = 24435 + -15494. What is the tens digit of w?
4
What is the tens digit of (4475/15)/((-30)/(-918))?
2
Let p be 2*(-6 + 5 + 2). Suppose p*f + q - 2*q = 916, -1852 = -4*f - 3*q. What is the units digit of f?
0
What is the units 